{"id":13091,"date":"2025-09-26T14:01:57","date_gmt":"2025-09-26T12:01:57","guid":{"rendered":"https:\/\/mikaleidoskop.com\/?post_type=product&#038;p=13091"},"modified":"2025-12-18T12:29:26","modified_gmt":"2025-12-18T10:29:26","slug":"gradic-mamoko","status":"publish","type":"product","link":"https:\/\/parsec.rs\/MikaTest\/product\/gradic-mamoko\/","title":{"rendered":"Gradi\u0107 Mamoko"},"content":{"rendered":"<pre class=\"wp-block-preformatted\"> Gradi\u0107 Mamoko\r\n Autori: Aleksandra i Daniel Mizelinjski\r\n broj strana: 14, karton\r\n uzrast: 3+ \r\n povez: tvrdi format: 23,5 x 31,5 cm \r\n izdava\u010d: Kozikas Izdava\u0161tvo<\/pre>\n<p>&nbsp;<\/p>\n","protected":false},"excerpt":{"rendered":"<p>\u201eJednom davno, u zemlji Akuku postojao je \u0161areni gradi\u0107 pod nazivom \u201eMamoko\u201c. Svako je dobrodo\u0161ao da upozna njegove stanovnike i otkrije \u0161ta im se sve izde\u0161avalo u jednom danu.<br \/>\nSaznajte koga prati Sima Detektiv, za\u0161to se Filip \u017diraf toliko \u017euri i \u0161ta se usput desilo Ni\u0107iforu Grivi. Koristite svoje o\u010di i otkrijte jo\u0161 mnogo drugih likova i skrivenih predmeta.\u201c<\/p>\n<p>Knjiga je \u0161tampana na kvalitetnom tvrdom papiru i garantuje sate zabavnog razgledanja i listanja \u0161arenih scena iz \u017eivota simpati\u010dnih stanovnika Mamoka.<\/p>\n","protected":false},"featured_media":13094,"template":"","meta":{"_uag_custom_page_level_css":"","_swt_meta_header_display":false,"_swt_meta_footer_display":false,"_swt_meta_site_title_display":false,"_swt_meta_sticky_header":false,"_swt_meta_transparent_header":false},"product_cat":[817,449,171],"product_tag":[906,911,909],"class_list":{"0":"post-13091","1":"product","2":"type-product","3":"status-publish","4":"has-post-thumbnail","6":"product_cat-knjige-i-notesi","7":"product_cat-pokloni-za-bebe-i-decu","8":"product_cat-knjige","9":"product_tag-decije-knjige","10":"product_tag-knjiga-o-svemiru","11":"product_tag-knjige-3-plus","13":"first","14":"instock","15":"shipping-taxable","16":"purchasable","17":"product-type-simple"},"yoast_head":"<!-- This site is optimized with the Yoast SEO plugin v23.8 - https:\/\/yoast.com\/wordpress\/plugins\/seo\/ -->\n<title>Gradi\u0107 Mamoko - MiKaleidoskop<\/title>\n<meta name=\"description\" content=\"Knjiga koje je do\u017eivela internacionalni uspeh i koja je prevedena na 15 jezika. Privu\u0107i\u0107e pa\u017enju dece ali ne\u0107e ostaviti ni roditelje ravnodu\u0161nim.\" \/>\n<meta name=\"robots\" content=\"index, follow, max-snippet:-1, max-image-preview:large, max-video-preview:-1\" \/>\n<link rel=\"canonical\" href=\"https:\/\/parsec.rs\/MikaTest\/product\/gradic-mamoko\/\" \/>\n<meta property=\"og:locale\" content=\"sr_RS\" \/>\n<meta property=\"og:type\" content=\"article\" \/>\n<meta property=\"og:title\" content=\"Gradi\u0107 Mamoko - MiKaleidoskop\" \/>\n<meta property=\"og:description\" content=\"Knjiga koje je do\u017eivela internacionalni uspeh i koja je prevedena na 15 jezika. Privu\u0107i\u0107e pa\u017enju dece ali ne\u0107e ostaviti ni roditelje ravnodu\u0161nim.\" \/>\n<meta property=\"og:url\" content=\"https:\/\/parsec.rs\/MikaTest\/product\/gradic-mamoko\/\" \/>\n<meta property=\"og:site_name\" content=\"MiKaleidoskop\" \/>\n<meta property=\"article:publisher\" content=\"https:\/\/www.facebook.com\/mikaleidoskop.shop\" \/>\n<meta property=\"article:modified_time\" content=\"2025-12-18T10:29:26+00:00\" \/>\n<meta property=\"og:image\" content=\"https:\/\/parsec.rs\/MikaTest\/wp-content\/uploads\/2025\/09\/mamokoPro.jpg\" \/>\n\t<meta property=\"og:image:width\" content=\"713\" \/>\n\t<meta property=\"og:image:height\" content=\"960\" \/>\n\t<meta property=\"og:image:type\" content=\"image\/jpeg\" \/>\n<meta name=\"twitter:card\" content=\"summary_large_image\" \/>\n<meta name=\"twitter:label1\" content=\"Procenjeno vreme \u010ditanja\" \/>\n\t<meta name=\"twitter:data1\" content=\"1 minut\" \/>\n<script type=\"application\/ld+json\" class=\"yoast-schema-graph\">{\"@context\":\"https:\/\/schema.org\",\"@graph\":[{\"@type\":\"WebPage\",\"@id\":\"https:\/\/parsec.rs\/MikaTest\/product\/gradic-mamoko\/\",\"url\":\"https:\/\/parsec.rs\/MikaTest\/product\/gradic-mamoko\/\",\"name\":\"Gradi\u0107 Mamoko - MiKaleidoskop\",\"isPartOf\":{\"@id\":\"https:\/\/parsec.rs\/MikaTest\/#website\"},\"primaryImageOfPage\":{\"@id\":\"https:\/\/parsec.rs\/MikaTest\/product\/gradic-mamoko\/#primaryimage\"},\"image\":{\"@id\":\"https:\/\/parsec.rs\/MikaTest\/product\/gradic-mamoko\/#primaryimage\"},\"thumbnailUrl\":\"https:\/\/parsec.rs\/MikaTest\/wp-content\/uploads\/2025\/09\/mamokoPro.jpg\",\"datePublished\":\"2025-09-26T12:01:57+00:00\",\"dateModified\":\"2025-12-18T10:29:26+00:00\",\"description\":\"Knjiga koje je do\u017eivela internacionalni uspeh i koja je prevedena na 15 jezika. Privu\u0107i\u0107e pa\u017enju dece ali ne\u0107e ostaviti ni roditelje ravnodu\u0161nim.\",\"breadcrumb\":{\"@id\":\"https:\/\/parsec.rs\/MikaTest\/product\/gradic-mamoko\/#breadcrumb\"},\"inLanguage\":\"sr-RS\",\"potentialAction\":[{\"@type\":\"ReadAction\",\"target\":[\"https:\/\/parsec.rs\/MikaTest\/product\/gradic-mamoko\/\"]}]},{\"@type\":\"ImageObject\",\"inLanguage\":\"sr-RS\",\"@id\":\"https:\/\/parsec.rs\/MikaTest\/product\/gradic-mamoko\/#primaryimage\",\"url\":\"https:\/\/parsec.rs\/MikaTest\/wp-content\/uploads\/2025\/09\/mamokoPro.jpg\",\"contentUrl\":\"https:\/\/parsec.rs\/MikaTest\/wp-content\/uploads\/2025\/09\/mamokoPro.jpg\",\"width\":713,\"height\":960,\"caption\":\"Prodaja de\u010dijih knjiga, Carigradska 24, Dor\u0107ol\"},{\"@type\":\"BreadcrumbList\",\"@id\":\"https:\/\/parsec.rs\/MikaTest\/product\/gradic-mamoko\/#breadcrumb\",\"itemListElement\":[{\"@type\":\"ListItem\",\"position\":1,\"name\":\"Home\",\"item\":\"https:\/\/parsec.rs\/MikaTest\/\"},{\"@type\":\"ListItem\",\"position\":2,\"name\":\"Gift Shop\",\"item\":\"https:\/\/parsec.rs\/MikaTest\/\"},{\"@type\":\"ListItem\",\"position\":3,\"name\":\"Gradi\u0107 Mamoko\"}]},{\"@type\":\"WebSite\",\"@id\":\"https:\/\/parsec.rs\/MikaTest\/#website\",\"url\":\"https:\/\/parsec.rs\/MikaTest\/\",\"name\":\"MiKaleidoskop\",\"description\":\"Art &amp; Gift Shop\",\"publisher\":{\"@id\":\"https:\/\/parsec.rs\/MikaTest\/#organization\"},\"potentialAction\":[{\"@type\":\"SearchAction\",\"target\":{\"@type\":\"EntryPoint\",\"urlTemplate\":\"https:\/\/parsec.rs\/MikaTest\/?s={search_term_string}\"},\"query-input\":{\"@type\":\"PropertyValueSpecification\",\"valueRequired\":true,\"valueName\":\"search_term_string\"}}],\"inLanguage\":\"sr-RS\"},{\"@type\":\"Organization\",\"@id\":\"https:\/\/parsec.rs\/MikaTest\/#organization\",\"name\":\"Mikaleidoskop\",\"url\":\"https:\/\/parsec.rs\/MikaTest\/\",\"logo\":{\"@type\":\"ImageObject\",\"inLanguage\":\"sr-RS\",\"@id\":\"https:\/\/parsec.rs\/MikaTest\/#\/schema\/logo\/image\/\",\"url\":\"https:\/\/parsec.rs\/MikaTest\/wp-content\/uploads\/2022\/11\/cropped-logo-mikaleidoskop-u-boji.png\",\"contentUrl\":\"https:\/\/parsec.rs\/MikaTest\/wp-content\/uploads\/2022\/11\/cropped-logo-mikaleidoskop-u-boji.png\",\"width\":512,\"height\":512,\"caption\":\"Mikaleidoskop\"},\"image\":{\"@id\":\"https:\/\/parsec.rs\/MikaTest\/#\/schema\/logo\/image\/\"},\"sameAs\":[\"https:\/\/www.facebook.com\/mikaleidoskop.shop\",\"https:\/\/www.instagram.com\/mikaleidoskop\/\"]}]}<\/script>\n<!-- \/ Yoast SEO plugin. -->","yoast_head_json":{"title":"Gradi\u0107 Mamoko - MiKaleidoskop","description":"Knjiga koje je do\u017eivela internacionalni uspeh i koja je prevedena na 15 jezika. Privu\u0107i\u0107e pa\u017enju dece ali ne\u0107e ostaviti ni roditelje ravnodu\u0161nim.","robots":{"index":"index","follow":"follow","max-snippet":"max-snippet:-1","max-image-preview":"max-image-preview:large","max-video-preview":"max-video-preview:-1"},"canonical":"https:\/\/parsec.rs\/MikaTest\/product\/gradic-mamoko\/","og_locale":"sr_RS","og_type":"article","og_title":"Gradi\u0107 Mamoko - MiKaleidoskop","og_description":"Knjiga koje je do\u017eivela internacionalni uspeh i koja je prevedena na 15 jezika. Privu\u0107i\u0107e pa\u017enju dece ali ne\u0107e ostaviti ni roditelje ravnodu\u0161nim.","og_url":"https:\/\/parsec.rs\/MikaTest\/product\/gradic-mamoko\/","og_site_name":"MiKaleidoskop","article_publisher":"https:\/\/www.facebook.com\/mikaleidoskop.shop","article_modified_time":"2025-12-18T10:29:26+00:00","og_image":[{"width":713,"height":960,"url":"https:\/\/parsec.rs\/MikaTest\/wp-content\/uploads\/2025\/09\/mamokoPro.jpg","type":"image\/jpeg"}],"twitter_card":"summary_large_image","twitter_misc":{"Procenjeno vreme \u010ditanja":"1 minut"},"schema":{"@context":"https:\/\/schema.org","@graph":[{"@type":"WebPage","@id":"https:\/\/parsec.rs\/MikaTest\/product\/gradic-mamoko\/","url":"https:\/\/parsec.rs\/MikaTest\/product\/gradic-mamoko\/","name":"Gradi\u0107 Mamoko - MiKaleidoskop","isPartOf":{"@id":"https:\/\/parsec.rs\/MikaTest\/#website"},"primaryImageOfPage":{"@id":"https:\/\/parsec.rs\/MikaTest\/product\/gradic-mamoko\/#primaryimage"},"image":{"@id":"https:\/\/parsec.rs\/MikaTest\/product\/gradic-mamoko\/#primaryimage"},"thumbnailUrl":"https:\/\/parsec.rs\/MikaTest\/wp-content\/uploads\/2025\/09\/mamokoPro.jpg","datePublished":"2025-09-26T12:01:57+00:00","dateModified":"2025-12-18T10:29:26+00:00","description":"Knjiga koje je do\u017eivela internacionalni uspeh i koja je prevedena na 15 jezika. Privu\u0107i\u0107e pa\u017enju dece ali ne\u0107e ostaviti ni roditelje ravnodu\u0161nim.","breadcrumb":{"@id":"https:\/\/parsec.rs\/MikaTest\/product\/gradic-mamoko\/#breadcrumb"},"inLanguage":"sr-RS","potentialAction":[{"@type":"ReadAction","target":["https:\/\/parsec.rs\/MikaTest\/product\/gradic-mamoko\/"]}]},{"@type":"ImageObject","inLanguage":"sr-RS","@id":"https:\/\/parsec.rs\/MikaTest\/product\/gradic-mamoko\/#primaryimage","url":"https:\/\/parsec.rs\/MikaTest\/wp-content\/uploads\/2025\/09\/mamokoPro.jpg","contentUrl":"https:\/\/parsec.rs\/MikaTest\/wp-content\/uploads\/2025\/09\/mamokoPro.jpg","width":713,"height":960,"caption":"Prodaja de\u010dijih knjiga, Carigradska 24, Dor\u0107ol"},{"@type":"BreadcrumbList","@id":"https:\/\/parsec.rs\/MikaTest\/product\/gradic-mamoko\/#breadcrumb","itemListElement":[{"@type":"ListItem","position":1,"name":"Home","item":"https:\/\/parsec.rs\/MikaTest\/"},{"@type":"ListItem","position":2,"name":"Gift Shop","item":"https:\/\/parsec.rs\/MikaTest\/"},{"@type":"ListItem","position":3,"name":"Gradi\u0107 Mamoko"}]},{"@type":"WebSite","@id":"https:\/\/parsec.rs\/MikaTest\/#website","url":"https:\/\/parsec.rs\/MikaTest\/","name":"MiKaleidoskop","description":"Art &amp; Gift Shop","publisher":{"@id":"https:\/\/parsec.rs\/MikaTest\/#organization"},"potentialAction":[{"@type":"SearchAction","target":{"@type":"EntryPoint","urlTemplate":"https:\/\/parsec.rs\/MikaTest\/?s={search_term_string}"},"query-input":{"@type":"PropertyValueSpecification","valueRequired":true,"valueName":"search_term_string"}}],"inLanguage":"sr-RS"},{"@type":"Organization","@id":"https:\/\/parsec.rs\/MikaTest\/#organization","name":"Mikaleidoskop","url":"https:\/\/parsec.rs\/MikaTest\/","logo":{"@type":"ImageObject","inLanguage":"sr-RS","@id":"https:\/\/parsec.rs\/MikaTest\/#\/schema\/logo\/image\/","url":"https:\/\/parsec.rs\/MikaTest\/wp-content\/uploads\/2022\/11\/cropped-logo-mikaleidoskop-u-boji.png","contentUrl":"https:\/\/parsec.rs\/MikaTest\/wp-content\/uploads\/2022\/11\/cropped-logo-mikaleidoskop-u-boji.png","width":512,"height":512,"caption":"Mikaleidoskop"},"image":{"@id":"https:\/\/parsec.rs\/MikaTest\/#\/schema\/logo\/image\/"},"sameAs":["https:\/\/www.facebook.com\/mikaleidoskop.shop","https:\/\/www.instagram.com\/mikaleidoskop\/"]}]}},"spectra_custom_meta":{"_sku":["1464"],"_regular_price":["1265"],"total_sales":["0"],"_tax_status":["taxable"],"_tax_class":[""],"_manage_stock":["yes"],"_backorders":["no"],"_sold_individually":["no"],"_virtual":["no"],"_downloadable":["no"],"_product_image_gallery":["13093,13092"],"_download_limit":["-1"],"_download_expiry":["-1"],"_thumbnail_id":["13094"],"_stock":["10"],"_stock_status":["instock"],"_wc_average_rating":["0"],"_wc_review_count":["0"],"_product_version":["9.3.3"],"_price":["1265"],"_yoast_wpseo_primary_product_cat":["817"],"_yoast_wpseo_focuskw":["Gradi\u0107 Mamoko"],"_yoast_wpseo_metadesc":["Knjiga koje je do\u017eivela internacionalni uspeh i koja je prevedena na 15 jezika. Privu\u0107i\u0107e pa\u017enju dece ali ne\u0107e ostaviti ni roditelje ravnodu\u0161nim."],"_yoast_wpseo_linkdex":["45"],"_yoast_wpseo_estimated-reading-time-minutes":["1"],"_edit_lock":["1766053766:2"],"_edit_last":["2"]},"uagb_featured_image_src":{"full":["https:\/\/parsec.rs\/MikaTest\/wp-content\/uploads\/2025\/09\/mamokoPro.jpg",713,960,false],"thumbnail":["https:\/\/parsec.rs\/MikaTest\/wp-content\/uploads\/2025\/09\/mamokoPro-150x150.jpg",150,150,true],"medium":["https:\/\/parsec.rs\/MikaTest\/wp-content\/uploads\/2025\/09\/mamokoPro-223x300.jpg",223,300,true],"medium_large":["https:\/\/parsec.rs\/MikaTest\/wp-content\/uploads\/2025\/09\/mamokoPro.jpg",713,960,false],"large":["https:\/\/parsec.rs\/MikaTest\/wp-content\/uploads\/2025\/09\/mamokoPro.jpg",713,960,false],"1536x1536":["https:\/\/parsec.rs\/MikaTest\/wp-content\/uploads\/2025\/09\/mamokoPro.jpg",713,960,false],"2048x2048":["https:\/\/parsec.rs\/MikaTest\/wp-content\/uploads\/2025\/09\/mamokoPro.jpg",713,960,false],"woocommerce_thumbnail":["https:\/\/parsec.rs\/MikaTest\/wp-content\/uploads\/2025\/09\/mamokoPro-300x300.jpg",300,300,true],"woocommerce_single":["https:\/\/parsec.rs\/MikaTest\/wp-content\/uploads\/2025\/09\/mamokoPro-600x808.jpg",600,808,true],"woocommerce_gallery_thumbnail":["https:\/\/parsec.rs\/MikaTest\/wp-content\/uploads\/2025\/09\/mamokoPro-100x100.jpg",100,100,true],"variation_swatches_image_size":["https:\/\/parsec.rs\/MikaTest\/wp-content\/uploads\/2025\/09\/mamokoPro.jpg",37,50,false],"variation_swatches_tooltip_size":["https:\/\/parsec.rs\/MikaTest\/wp-content\/uploads\/2025\/09\/mamokoPro.jpg",74,100,false]},"uagb_author_info":{"display_name":"Mika","author_link":"https:\/\/parsec.rs\/MikaTest\/author\/"},"uagb_comment_info":0,"uagb_excerpt":"\u201eJednom davno, u zemlji Akuku postojao je \u0161areni gradi\u0107 pod nazivom \u201eMamoko\u201c. Svako je dobrodo\u0161ao da upozna njegove stanovnike i otkrije \u0161ta im se sve izde\u0161avalo u jednom danu. Saznajte koga prati Sima Detektiv, za\u0161to se Filip \u017diraf toliko \u017euri i \u0161ta se usput desilo Ni\u0107iforu Grivi. Koristite svoje o\u010di i otkrijte jo\u0161 mnogo drugih&hellip;","_links":{"self":[{"href":"https:\/\/parsec.rs\/MikaTest\/wp-json\/wp\/v2\/product\/13091","targetHints":{"allow":["GET"]}}],"collection":[{"href":"https:\/\/parsec.rs\/MikaTest\/wp-json\/wp\/v2\/product"}],"about":[{"href":"https:\/\/parsec.rs\/MikaTest\/wp-json\/wp\/v2\/types\/product"}],"wp:featuredmedia":[{"embeddable":true,"href":"https:\/\/parsec.rs\/MikaTest\/wp-json\/wp\/v2\/media\/13094"}],"wp:attachment":[{"href":"https:\/\/parsec.rs\/MikaTest\/wp-json\/wp\/v2\/media?parent=13091"}],"wp:term":[{"taxonomy":"product_cat","embeddable":true,"href":"https:\/\/parsec.rs\/MikaTest\/wp-json\/wp\/v2\/product_cat?post=13091"},{"taxonomy":"product_tag","embeddable":true,"href":"https:\/\/parsec.rs\/MikaTest\/wp-json\/wp\/v2\/product_tag?post=13091"}],"curies":[{"name":"wp","href":"https:\/\/api.w.org\/{rel}","templated":true}]}}